{"id":721,"date":"2025-04-11T09:31:05","date_gmt":"2025-04-11T09:31:05","guid":{"rendered":"https:\/\/baninuk.co.uk\/?page_id=721"},"modified":"2025-07-31T13:58:24","modified_gmt":"2025-07-31T13:58:24","slug":"banin-convention-2025-manchester","status":"publish","type":"page","link":"https:\/\/baninuk.co.uk\/?page_id=721","title":{"rendered":"Banin Convention 2025 &#8211; Manchester"},"content":{"rendered":"\n<h2 class=\"wp-block-heading\"><a href=\"https:\/\/baninuk.co.uk\/?page_id=93\" target=\"_blank\" rel=\"noopener\" title=\"\">Program<\/a><\/h2>\n\n\n<p><iframe title=\"Chilli Wawaye - &quot;Ta\u00e0t\u00e1 Yi\u00ec Ne&quot; ft @MrLeoZik   (Official Video)\" width=\"750\" height=\"422\" src=\"https:\/\/www.youtube.com\/embed\/dQ7H_M5C_Gk?start=36&#038;feature=oembed\" frameborder=\"0\" allow=\"accelerometer; autoplay; clipboard-write; encrypted-media; gyroscope; picture-in-picture; web-share\" referrerpolicy=\"strict-origin-when-cross-origin\" allowfullscreen><\/iframe><\/p>\n<p><img fetchpriority=\"high\" decoding=\"async\" width=\"724\" height=\"1024\" src=\"http:\/\/baninuk.co.uk\/wp-content\/uploads\/2025\/06\/WhatsApp-Image-2025-06-16-at-14.40.04_1286731d-724x1024.jpg\" alt=\"\" srcset=\"https:\/\/baninuk.co.uk\/wp-content\/uploads\/2025\/06\/WhatsApp-Image-2025-06-16-at-14.40.04_1286731d-724x1024.jpg 724w, https:\/\/baninuk.co.uk\/wp-content\/uploads\/2025\/06\/WhatsApp-Image-2025-06-16-at-14.40.04_1286731d-212x300.jpg 212w, https:\/\/baninuk.co.uk\/wp-content\/uploads\/2025\/06\/WhatsApp-Image-2025-06-16-at-14.40.04_1286731d-768x1086.jpg 768w, https:\/\/baninuk.co.uk\/wp-content\/uploads\/2025\/06\/WhatsApp-Image-2025-06-16-at-14.40.04_1286731d-1087x1536.jpg 1087w, https:\/\/baninuk.co.uk\/wp-content\/uploads\/2025\/06\/WhatsApp-Image-2025-06-16-at-14.40.04_1286731d.jpg 1132w\" sizes=\"(max-width: 724px) 100vw, 724px\" \/><br \/><img decoding=\"async\" width=\"750\" height=\"985\" src=\"http:\/\/baninuk.co.uk\/wp-content\/uploads\/2025\/06\/WhatsApp-Image-2025-06-16-at-14.40.03_2a3d957f-780x1024.jpg\" alt=\"\" srcset=\"https:\/\/baninuk.co.uk\/wp-content\/uploads\/2025\/06\/WhatsApp-Image-2025-06-16-at-14.40.03_2a3d957f-780x1024.jpg 780w, https:\/\/baninuk.co.uk\/wp-content\/uploads\/2025\/06\/WhatsApp-Image-2025-06-16-at-14.40.03_2a3d957f-228x300.jpg 228w, https:\/\/baninuk.co.uk\/wp-content\/uploads\/2025\/06\/WhatsApp-Image-2025-06-16-at-14.40.03_2a3d957f-768x1009.jpg 768w, https:\/\/baninuk.co.uk\/wp-content\/uploads\/2025\/06\/WhatsApp-Image-2025-06-16-at-14.40.03_2a3d957f-1169x1536.jpg 1169w, https:\/\/baninuk.co.uk\/wp-content\/uploads\/2025\/06\/WhatsApp-Image-2025-06-16-at-14.40.03_2a3d957f.jpg 1218w\" sizes=\"(max-width: 750px) 100vw, 750px\" \/><br \/><img decoding=\"async\" width=\"750\" height=\"750\" src=\"http:\/\/baninuk.co.uk\/wp-content\/uploads\/2025\/04\/Convention_2025_Pub1-1024x1024.jpeg\" alt=\"\" srcset=\"https:\/\/baninuk.co.uk\/wp-content\/uploads\/2025\/04\/Convention_2025_Pub1-1024x1024.jpeg 1024w, https:\/\/baninuk.co.uk\/wp-content\/uploads\/2025\/04\/Convention_2025_Pub1-300x300.jpeg 300w, https:\/\/baninuk.co.uk\/wp-content\/uploads\/2025\/04\/Convention_2025_Pub1-150x150.jpeg 150w, https:\/\/baninuk.co.uk\/wp-content\/uploads\/2025\/04\/Convention_2025_Pub1-768x768.jpeg 768w, https:\/\/baninuk.co.uk\/wp-content\/uploads\/2025\/04\/Convention_2025_Pub1-1536x1536.jpeg 1536w, https:\/\/baninuk.co.uk\/wp-content\/uploads\/2025\/04\/Convention_2025_Pub1.jpeg 2048w\" sizes=\"(max-width: 750px) 100vw, 750px\" \/><br \/><img loading=\"lazy\" decoding=\"async\" width=\"724\" height=\"1024\" src=\"http:\/\/baninuk.co.uk\/wp-content\/uploads\/2025\/06\/WhatsApp-Image-2025-06-16-at-14.40.04_335b77f6-724x1024.jpg\" alt=\"\" srcset=\"https:\/\/baninuk.co.uk\/wp-content\/uploads\/2025\/06\/WhatsApp-Image-2025-06-16-at-14.40.04_335b77f6-724x1024.jpg 724w, https:\/\/baninuk.co.uk\/wp-content\/uploads\/2025\/06\/WhatsApp-Image-2025-06-16-at-14.40.04_335b77f6-212x300.jpg 212w, https:\/\/baninuk.co.uk\/wp-content\/uploads\/2025\/06\/WhatsApp-Image-2025-06-16-at-14.40.04_335b77f6-768x1086.jpg 768w, https:\/\/baninuk.co.uk\/wp-content\/uploads\/2025\/06\/WhatsApp-Image-2025-06-16-at-14.40.04_335b77f6-1087x1536.jpg 1087w, https:\/\/baninuk.co.uk\/wp-content\/uploads\/2025\/06\/WhatsApp-Image-2025-06-16-at-14.40.04_335b77f6.jpg 1132w\" sizes=\"(max-width: 724px) 100vw, 724px\" \/><br \/><div class=\"ose-google-docs ose-uid-998920dd552002fc944f828ad0d8c4b5 ose-embedpress-responsive\" style=\"width:600px; height:600px; max-height:600px; max-width:100%; display:inline-block;\" data-embed-type=\"GoogleDocs\"><iframe allowFullScreen=\"true\" src=\"https:\/\/docs.google.com\/forms\/d\/e\/1FAIpQLSde9M1BzlN6pFzWeOrFevHjgCbS-7qx5-j7Sla5EzudhJwAnw\/viewform\" frameborder=\"0\" width=\"600\" height=\"600\" allowfullscreen=\"true\" mozallowfullscreen=\"true\" webkitallowfullscreen=\"true\"><\/iframe><\/div><\/p>\n<\/p>\n<figure><img loading=\"lazy\" decoding=\"async\" src=\"http:\/\/baninuk.co.uk\/wp-content\/uploads\/2024\/06\/White-Minimalist-Hello-Weekend-Quote-Instagram-Story.png\" alt=\"\" width=\"1080\" height=\"1920\" \/><\/figure>\n<\/p>\n\n\n<\/p>\n<p><strong>ACCOMMODATION<\/strong><\/p>\n<p><a href=\"https:\/\/baninuk.co.uk\/?page_id=721&amp;preview_id=721&amp;preview_nonce=ee9e4277de&amp;preview=true\">Book Your Hotel Click Here<\/a><\/p>\n<p>Here I am at your doorstep with tidings from Banin.\u00a0<\/p>\n<p>We are doing our bit to uphold what is left of our legacy as we translate and hand down our traditions and cultural values, the tenets of our identity, to those out here who have no concept of home &#8211; our kids in particular.\u00a0<\/p>\n<p>Bringing the home experience to the diaspora to compat the identity crisis some suffer and do not even know it.\u00a0<\/p>\n<p><\/p>\n<p>Your presence in person or in spirit will be appreciated.<\/p>\n<p>&#8220;<strong>You won&#8217;t belong until you belong, be in it to live it, so you won&#8217;t have to hear about it, when others talk about it. The True testimony is Real<\/strong>!&#8221;<\/p>\n<p>\n\n\n<\/p>\n<p><!-- \/wp:media-text --><!-- wp:columns --><\/p>\n<p><!-- wp:column {\"width\":\"100%\"} --><\/p>\n<p><!-- wp:embed {\"url\":\"https:\/\/www.youtube.com\/watch?v=dQ7H_M5C_Gku0026t=36s\",\"type\":\"video\",\"providerNameSlug\":\"youtube\",\"responsive\":true,\"className\":\"wp-embed-aspect-16-9 wp-has-aspect-ratio\"} --><\/p>\n<figure><\/figure>\n<p><!-- \/wp:embed --><\/p>\n<p><!-- \/wp:column --><\/p>\n<p><!-- \/wp:columns --><!-- wp:paragraph --><\/p>\n<p><!-- \/wp:paragraph --><!-- wp:audio {\"id\":571} --><\/p>\n<figure><audio controls=\"controls\" src=\"https:\/\/baninuk.co.uk\/wp-content\/uploads\/2024\/06\/CHILLY-LEO-MASTER-OKKKKK-2.wav\"><\/audio><\/figure>\n<p><!-- \/wp:audio --><!-- wp:image {\"id\":736} --><\/p>\n<figure><img decoding=\"async\" src=\"http:\/\/baninuk.co.uk\/wp-content\/uploads\/2025\/04\/Convention_2025_Pub2.jpeg\" alt=\"\" \/><\/figure>\n<p><!-- \/wp:image --><!-- wp:image --><\/p>\n<figure><img decoding=\"async\" src=\"https:\/\/cdn.stocksnap.io\/img-thumbs\/960w\/2UKYDQCVIL.jpg\" alt=\"\" \/><\/p><figcaption>&#8220;<a href=\"https:\/\/stocksnap.io\/photo\/african-lion-2UKYDQCVIL\" target=\"_blank\" rel=\"noreferrer noopener\">African Lion<\/a>&#8221; by <a href=\"https:\/\/mattbango.photo\" target=\"_blank\" rel=\"noreferrer noopener\">World Wildlife<\/a>\/ <a href=\"https:\/\/creativecommons.org\/publicdomain\/zero\/1.0\/?ref=openverse\" target=\"_blank\" rel=\"noreferrer noopener\">CC0 1.0<\/a><\/figcaption><\/figure>\n<p><!-- \/wp:image --><!-- wp:image {\"id\":735} --><\/p>\n<figure><\/figure>\n<p><!-- \/wp:image --><!-- wp:paragraph --><\/p>\n<p><!-- \/wp:paragraph --><\/p>\n<p><strong>Accommodation Column<\/strong><br \/><a href=\"https:\/\/www.premierinn.com\/gb\/en\/search.html?searchModel.searchTerm=Cottenham%20Lane,%20Salford%20M7%201TW,%20UK&amp;PLACEID=ChIJiekApNGxe0gRy4DkHdkQJgw&amp;ARRdd=1&amp;ARRmm=8&amp;ARRyyyy=2025&amp;NIGHTS=3&amp;ROOMS=1&amp;ADULT1=2&amp;CHILD1=2&amp;COT1=0&amp;INTTYP1=FAM&amp;BOOKINGCHANNEL=WEB&amp;SORT=1&amp;VIEW=2\">Click Here Book Now<\/a><\/p>\n<p>\t\t\t\t\t\t\t\t\t\t\t\t\t\t\t<img loading=\"lazy\" decoding=\"async\" width=\"736\" height=\"1024\" src=\"http:\/\/baninuk.co.uk\/wp-content\/uploads\/2025\/06\/SponsorUs-736x1024.jpg\" alt=\"\" srcset=\"https:\/\/baninuk.co.uk\/wp-content\/uploads\/2025\/06\/SponsorUs-736x1024.jpg 736w, https:\/\/baninuk.co.uk\/wp-content\/uploads\/2025\/06\/SponsorUs-216x300.jpg 216w, https:\/\/baninuk.co.uk\/wp-content\/uploads\/2025\/06\/SponsorUs-768x1068.jpg 768w, https:\/\/baninuk.co.uk\/wp-content\/uploads\/2025\/06\/SponsorUs-1105x1536.jpg 1105w, https:\/\/baninuk.co.uk\/wp-content\/uploads\/2025\/06\/SponsorUs.jpg 1170w\" sizes=\"(max-width: 736px) 100vw, 736px\" \/><\/p>\n<p><!-- wp:paragraph --><\/p>\n<p><!-- \/wp:paragraph --><\/p>\n\n<!-- wp:paragraph -->\n<p><\/p>\n<!-- \/wp:paragraph -->","protected":false},"excerpt":{"rendered":"<p>Program ACCOMMODATION Book Your Hotel Click Here Here I am at your doorstep with tidings from Banin.\u00a0 We are doing our bit to uphold what is left of our legacy as we translate and hand down our traditions and cultural values, the tenets of our identity, to those out here [&hellip;]<\/p>\n","protected":false},"author":1,"featured_media":0,"parent":0,"menu_order":0,"comment_status":"closed","ping_status":"closed","template":"","meta":{"om_disable_all_campaigns":false,"footnotes":""},"class_list":["post-721","page","type-page","status-publish","hentry"],"aioseo_notices":[],"_links":{"self":[{"href":"https:\/\/baninuk.co.uk\/index.php?rest_route=\/wp\/v2\/pages\/721","targetHints":{"allow":["GET"]}}],"collection":[{"href":"https:\/\/baninuk.co.uk\/index.php?rest_route=\/wp\/v2\/pages"}],"about":[{"href":"https:\/\/baninuk.co.uk\/index.php?rest_route=\/wp\/v2\/types\/page"}],"author":[{"embeddable":true,"href":"https:\/\/baninuk.co.uk\/index.php?rest_route=\/wp\/v2\/users\/1"}],"replies":[{"embeddable":true,"href":"https:\/\/baninuk.co.uk\/index.php?rest_route=%2Fwp%2Fv2%2Fcomments&post=721"}],"version-history":[{"count":28,"href":"https:\/\/baninuk.co.uk\/index.php?rest_route=\/wp\/v2\/pages\/721\/revisions"}],"predecessor-version":[{"id":816,"href":"https:\/\/baninuk.co.uk\/index.php?rest_route=\/wp\/v2\/pages\/721\/revisions\/816"}],"wp:attachment":[{"href":"https:\/\/baninuk.co.uk\/index.php?rest_route=%2Fwp%2Fv2%2Fmedia&parent=721"}],"curies":[{"name":"wp","href":"https:\/\/api.w.org\/{rel}","templated":true}]}}